- w, x*w + 3*w = 2*y - 1738. Is y prime?
True
Suppose 0 = 5*y + 2*d - 29281 - 15420, 4*y - 35768 = 2*d. Is y a composite number?
False
Let v be -23 + 1119 - 1*2. Suppose -5*m + v = -3*m. Is m a prime number?
True
Let x(w) = -100*w - 53. Let c = -140 + 128. Is x(c) a prime number?
False
Suppose -65*l + 57*l = -142616. Is l a prime number?
True
Let i(s) = -12*s - 27. Let r be i(-10). Suppose 5*l - 255 = 7*n - 2*n, -10 = -2*l. Let g = n + r. Is g prime?
True
Let t = -114 - -126. Let j(x) = -x**3 + 12*x**2 + 14*x + 23. Is j(t) prime?
True
Let v = -12 + 10. Is (-3)/((-33)/v) + (-17555)/(-55) composite?
True
Is 18*7/84*(-84858)/(-9) composite?
False
Suppose 0 = -y + 2, -n + y = -0*y + 16. Let c = n + 13. Is (-3 - c) + 3 - -234 a composite number?
True
Suppose 4*d = -5*k + 131477, -3*k + 30660 = 2*d - 35077. Is d a composite number?
True
Let z(q) = q**3 - 3*q**2 - 4*q + 2. Let s be z(4). Let k be (26/4)/(s/84). Suppose 84 = 3*w - k. Is w a prime number?
False
Let j(d) = 230*d + 667. Is j(47) prime?
False
Is 1078/196 - 352295/(-2) a prime number?
True
Let l = -28 + 110. Suppose 0 = 5*g - 25 + 10. Suppose -g*t = -2*t - l. Is t prime?
False
Let d(z) = z**3 - 10*z**2 - 2*z + 20. Let j = -22 - -32. Let f be d(j). Suppose 12*o - 5*o - 2247 = f. Is o composite?
True
Let k(a) = 147*a + 2. Let i be k(5). Let f = i + -64. Is f a composite number?
False
Suppose 5*j - 15 = -0*c - 5*c, 0 = -3*c. Suppose 6 = 3*b - 3*a, -a + j*a + 8 = 0. Is (-652)/(-28) - b/(-7) composite?
False
Suppose 4804*b + 220588 = 4808*b. Is b prime?
True
Let j(y) = -2354*y - 127. Is j(-4) a composite number?
True
Let n(k) be the third derivative of 1/6*k**3 - 6*k**2 + 1/8*k**4 + 0*k + 0 + 1/120*k**6 + 7/60*k**5. Is n(-4) a prime number?
True
Let q = 719 - 268. Is q prime?
False
Let o be (-132)/2 + (1 - -2). Let n = -35 - o. Suppose 0 = 2*g + g + 4*b - 105, -g = -b - n. Is g composite?
False
Let c(n) = -n**3 + 8*n**2 - n + 17. Let g be c(8). Is (581 + g)/(1*2) a composite number?
True
Let y be 491/(-1) + 2 + 0. Let i = 448 - 683. Let m = i - y. Is m a prime number?
False
Is 2/14 - 580400/(-280) prime?
False
Let a(h) = -772*h**3 + 3*h + 16. Is a(-3) a composite number?
True
Let o(l) = 133*l**2 + 24*l + 1. Is o(-3) a prime number?
False
Let p = -3219 + 6814. Is p composite?
True
Let g(r) = -101*r - 49. Is g(-12) composite?
False
Let l(u) = 2*u + 59. Let j be l(-24). Suppose 1722 = j*v - 1655. Is v prime?
True
Suppose -449 = 3*o - 4*o. Is o a prime number?
True
Let f be 1/(-8)*-2 + 26257/28. Let m = f + -451. Is m a prime number?
True
Let y(a) = -a**3 - 15*a**2 - 9*a - 58. Let f(n) = -16*n**3 - 2*n**2 + 2*n - 1. Let r be f(1). Is y(r) composite?
False
Let h = 6 + -7. Let m be 1/h - (-1186)/1. Suppose 3*d - m = -2*d. Is d composite?
True
Let k = -18 + 20. Suppose 424 = n - b, 5*n - 4*b = -k*b + 2105. Is n a composite number?
False
Let n(f) = 88*f + 2. Let w be n(1). Suppose -3*c - 2*c - w = 0. Is c*6/(-2) - -3 a composite number?
True
Let k(a) = -8*a**2 - 28*a + 4. Let z(s) = 3*s**2 + 9*s - 1. Let n(p) = 2*k(p) + 7*z(p). Is n(8) prime?
False
Let b be ((-17)/(-17))/(5/(-45)). Let c(o) = 3*o**2 - 18*o - 3. Let t(i) = -4*i**2 + 17*i + 2. Let r(d) = -4*c(d) - 5*t(d). Is r(b) a composite number?
True
Let z(c) = -34*c + 2939. Is z(0) composite?
False
Suppose j = 3*n - 1 - 1, -4 = -4*n + j. Suppose -33 - 9 = -n*k. Suppose 25*y - 1172 = k*y. Is y a composite number?
False
Let u be 298/(3/(-108)*-2). Let m = u - 2429. Is m composite?
True
Is (-223190)/(-75)*6 + (-1)/5 a prime number?
False
Suppose -4*a + 3 + 1 = 0. Suppose 0*o - a = -3*o - 4*u, 5*o + 5*u = 5. Suppose 0 = 4*v + 3*r - 671, o*v - r = -6*r + 506. Is v composite?
False
Suppose 5*u = 5*w - 28770, -4*w + 2*u - 4*u = -23040. Is w a composite number?
True
Let u = -100 - -101. Is (-1)/u - (-253 - 7) a prime number?
False
Let v = 7756 + -2495. Is v composite?
False
Is 4/(-34) + (-1316670)/(-170) prime?
False
Suppose 2*n + 1084 = -2*n. Let o be -1 - (3 + -4) - n. Suppose 8*g - 15 = 3*g, -g = 2*l - o. Is l a prime number?
False
Let k = 1095 - 751. Suppose 259 = 3*x - k. Let q = x + -74. Is q composite?
False
Suppose 312*k = 319*k - 244727. Is k a composite number?
False
Let i(c) = 30*c**2 + 27 + 15 - 6*c**2 - 6*c**2 + 11*c. Is i(-11) prime?
True
Is (13/(65/42830))/2 composite?
False
Let a = 613 - -127. Let v = 1009 - 1446. Let r = v + a. Is r a composite number?
True
Suppose -58 = 4*z - 318. Let w(k) = -16*k - 34. Let y be w(-11). Let m = y - z. Is m prime?
False
Is 36/6 + 132486 + 3/(-3) composite?
False
Let o be -1 + 16884/35 - 4/10. Suppose -2*p - 4*z + 182 = -808, 0 = p - 5*z - o. Is p a composite number?
False
Suppose -9*r - 7*r + 112 = 0. Let t(f) = f**3 - 4*f**2 + 11*f - 13. Is t(r) a prime number?
True
Is ((-596)/12)/(7/4221*-3) composite?
True
Let j = -858 - -2759. Is j a composite number?
False
Suppose 4*w - 1844 = 3*v + 16055, 4*w - 17879 = -v. Is w composite?
True
Let h = -3 + -11. Let u = -24 - h. Is (-92)/u*10/4 a prime number?
True
Suppose 2*q = 6*q + 512. Let w be q/(-40) + 1/(-5). Suppose -4*d = -w*d - 51. Is d composite?
True
Let g(s) = s**2 - s + 3449. Let c be g(0). Suppose -4*i - q = -c, -2*i - 2*q + 1717 = q. Is i composite?
False
Let p = 20479 + -13890. Is p a composite number?
True
Let t(g) = 3*g**3 + 25*g**2 + 15*g - 11. Let o(c) = c**3 + 12*c**2 + 8*c - 5. Let k(x) = 5*o(x) - 2*t(x). Let h be k(11). Is 2/7 + (-1354)/h a composite number?
False
Let g be (354/4)/(2/4). Let r(k) = -18*k + 8. Let m be r(3). Let h = g - m. Is h a prime number?
True
Suppose -2*y + 7 = 5*y. Let n be (11*1)/(y/10). Suppose q - n = 125. Is q a composite number?
True
Let h(k) = k**2 - 4. Let c be h(-5). Let v = c - 20. Is 1/(((-3)/(-111))/v) prime?
True
Let h be 115/25 - (-6)/(-10). Let r be (6/(-4))/((-33)/88). Suppose 0 = -5*z + t + 1669, -r*z - h*t = -2*t - 1338. Is z composite?
True
Is 20/90 + (-35107)/(-9) a prime number?
False
Let v(p) = 15*p**2 - 4*p + 1. Let f be v(-5). Let b be -1*(0/(-2))/(-3). Suppose -2*z + f + 50 = b. Is z a composite number?
False
Suppose 3*s = 665 + 985. Suppose -13*k = -3*k - s. Is k prime?
False
Suppose y + 2*t = 66659, 0 = -3*y + 5*t + 120034 + 79921. Is y prime?
False
Let t(r) = 1128*r + 42. Let p be t(4). Suppose p = j + 1543. Is j composite?
False
Let p(f) = -14*f - 6. Let h be p(6). Let n = -224 - h. Let q = -1 - n. Is q a composite number?
True
Suppose 4*u + 723 = 3*x, 3*x - 4*u = x + 486. Let y = 332 - x. Is y composite?
True
Suppose 8*w = -319 + 2927. Let b = w + 336. Is b prime?
False
Suppose 1241 = -6*w + 4451. Is w composite?
True
Let w(p) = -429*p**2 + 22*p - 15. Let t(x) = -143*x**2 + 7*x - 5. Let h(s) = -7*t(s) + 2*w(s). Is h(3) a composite number?
False
Is 1/(5 + 195816/(-195819) + -4) composite?
True
Let g(h) = 3*h**2 + 5*h - 7. Suppose 0 = 5*z + 33 + 12. Is g(z) a prime number?
True
Let t be -1932 + ((-2)/4)/((-3)/(-6)). Let b = -1319 - t. Is b a prime number?
False
Suppose -5*u + 3*m = -3519, -5*u + 3516 = -0*u - 2*m. Let s = u + -253. Is s prime?
True
Let m be (1 - 4) + 8/1. Suppose -14 = m*r - 7*r. Is 18/(-42) + 3272/r a prime number?
True
Let g(w) = w**3 + 2*w**2 + 5*w + 4. Let k be g(9). Suppose 2*z + 2*z = 20. Suppose 4*c + l = -l + 758, -z*l = 5*c - k. Is c a composite number?
False
Let r = 33 - 48. Let f(t) = -43*t - 32. Is f(r) a prime number?
True
Is (-8)/(-24)*-6 + 4779 composite?
True
Let j(c) = 11*c - 67. Let m be j(7). Let u(n) = 2*n**3 - 8*n**2 - 11*n - 3. Is u(m) a prime number?
True
Let l = -10 + 26. Suppose 7*n + 799 = -230. Let z = l - n. Is z composite?
False
Is 3/(-6)*9742*13/(-13) a prime number?
True
Suppose -3*t - 2*t + 20 = 0. Let i be 0 - (4 - 2) - t. Is 8136/14 - i/(-42) composite?
True
Suppose -152746 + 24910 = -12*y. Let a = -6542 + y. Is a prime?
True
Suppose 3*d - 4*n = -2759 - 4312, -n + 9428 = -4*d. Let y = -1468 - d. Is y a prime number?
False
Suppose 0 = 5*x - 0*x + 3*g - 536, 4*x + 2*g = 430. Let n = x + 432. Is n a composite number?
False
Suppose 1022 = 4*u + 2*y, -2*u = 3*u + 2*y - 1278. Let z = u + -65. Is z prime?
True
Is (7/(-14))/(3/(-10158)) a prime number?
True
Let b = 5 + 12. Let f = b - 12. Suppose z - 4*n - 132 = 303, 3*n + 2107 = f*z. Is z a composite number?
False
Let i = -92 - -94. Suppose -3*c - 3219 = -6*c - 4*u, -i*u = 3*c - 3213. Is c prime?
T